5*b + 29206. Determine j(-150).
-44
Let j(d) = d**3 + 67*d**2 - 93*d - 1405. Determine j(-68).
295
Let i(f) = 10*f**2 + 75*f + 209. Determine i(-3).
74
Let v(j) = -51277*j + 153806. Determine v(3).
-25
Let h(i) = 183*i**2 + 26542*i + 1129. Calculate h(-145).
114
Let p(u) = 58*u**2 - 1857*u + 55. Determine p(32).
23
Let i(b) = -1486*b**3 - 2*b**2 - 17*b + 18. Determine i(1).
-1487
Let h(x) = x**3 - 755*x**2 + 1091*x - 254118. Determine h(754).
-20
Let u(y) = 97155*y + 777237. Determine u(-8).
-3
Let q(x) = 19*x**2 + 174*x + 16. Determine q(3).
709
Let n(t) = 5*t**3 + 66*t**2 - 38*t - 350. Give n(-13).
313
Let w(x) = 6*x**2 - 448*x + 1161. Calculate w(72).
9
Let w(q) = q**3 + 311*q**2 + 2992*q - 4388. Calculate w(-301).
1030
Let d(r) = 2*r**3 + 101*r**2 + 119*r + 952. Determine d(-50).
-2498
Let s(i) = -i**3 - 123*i**2 + 166*i + 4751. Calculate s(-124).
-457
Let t(g) = 1005*g**2 - 36115*g + 68. What is t(36)?
2408
Let w(k) = k**2 + 445*k + 16458. Give w(-45).
-1542
Let o(n) = -36414*n**2 + 1056004*n + 29. What is o(29)?
-29
Let z(w) = -3*w**3 - 149*w**2 - 80*w + 882. Determine z(-49).
0
Let o(s) = -26*s**3 - 406*s**2 - 876*s - 43. What is o(-13)?
-147
Let x(l) = 8759*l + 403504. What is x(-46)?
590
Let v(q) = -5*q**3 + 6*q**2 - 918*q + 1831. Determine v(2).
-21
Let i(l) = 21*l**3 + 11548*l**2 - 1099*l + 571. What is i(-550)?
21
Let y(o) = 11391*o + 14888037. Determine y(-1307).
0
Let z(h) = 18*h - 1243. Calculate z(31).
-685
Let i(j) = -645*j**2 + 13541*j + 103. Calculate i(21).
19
Let k(l) = 119*l**3 + 175*l**2 - 145*l - 293. Give k(-2).
-255
Let f(n) = -n**3 - 21*n**2 - 82*n - 42. Give f(-20).
1198
Let u(d) = 145*d**2 - 16821*d + 91. Calculate u(116).
-25
Let t(p) = 2913*p**2 + 119452*p + 786. What is t(-41)?
7
Let d(s) = -4*s**2 + 197*s - 8. Determine d(42).
1210
Let b(o) = o**3 - 21*o**2 + 32*o + 396. Give b(18).
0
Let t(b) = b**3 + 95*b**2 - 944*b - 843. Give t(-104).
-11
Let j(p) = -p**3 - 498*p**2 + 1028*p + 13945. Determine j(-500).
-55
Let t(f) = 8*f**3 + 153*f**2 + 501*f + 65. Give t(-4).
-3
Let w(g) = 47*g - 21. What is w(37)?
1718
Let o(y) = 23721*y - 23763. Give o(1).
-42
Let r(c) = -9*c**2 + 342*c + 774. Give r(40).
54
Let i(f) = -126*f**3 + 2*f**2 - 102*f - 202. Determine i(-2).
1018
Let h(a) = -2*a**3 + 44*a**2 + 253*a - 6450. What is h(20)?
210
Let k(b) = -81927*b - 327530. Calculate k(-4).
178
Let l(i) = 3*i**3 - 148*i**2 + 804*i - 45194. What is l(50)?
6
Let d(h) = -h**2 - 11*h + 43895. What is d(204)?
35
Let f(i) = i**3 + 89*i**2 + 113*i + 174. Give f(0).
174
Let b(t) = 1020*t - 4496. Calculate b(4).
-416
Let w(t) = t**3 + 169*t**2 + 478*t - 1118. Determine w(-166).
2202
Let f(v) = -v**3 - 42*v**2 + 546*v + 22926. What is f(-42)?
-6
Let a(n) = 58*n + 9695. What is a(-145)?
1285
Let s(f) = -4677*f - 18183. What is s(-4)?
525
Let l(k) = -8557*k + 744484. Give l(87).
25
Let u(r) = r**3 + 290*r**2 + 6654*r + 7788. Calculate u(-265).
103
Let v(q) = -31*q**2 - 3185*q - 25472. Calculate v(-94).
2
Let y(h) = -2*h**3 + 38*h**2 + 175*h - 3227. Calculate y(19).
98
Let v(d) = 470167*d - 15985678. What is v(34)?
0
Let r(k) = 1920*k + 238081. What is r(-124)?
1
Let b(w) = -w**2 - 13261*w + 812801. What is b(61)?
159
Let u(k) = -k**3 + 227*k**2 - 6883*k + 1174. Determine u(191).
-163
Let t(p) = -3*p**3 - 103*p**2 - 45*p - 124. Give t(-34).
250
Let y(m) = 667*m + 25349. What is y(-37)?
670
Let w(t) = 192*t - 1088. What is w(4)?
-320
Let g(r) = 305*r**2 + 29*r + 42. Give g(2).
1320
Let f(u) = 66*u**2 - 4818*u + 34. Determine f(73).
34
Let z(t) = 3*t**2 + 117*t - 5693. Give z(30).
517
Let j(q) = 6667*q - 46888. Determine j(7).
-219
Let v(n) = 375*n + 146159. Give v(-390).
-91
Let q(i) = 327*i + 2739. What is q(-3)?
1758
Let g(j) = -10315*j + 319800. Give g(31).
35
Let z(v) = -20*v**2 - 5032*v + 35200. What is z(7)?
-1004
Let n(l) = 4*l**2 + l - 323. Give n(10).
87
Let n(d) = d**3 + 59*d**2 + 343*d + 14. What is n(-53)?
-1311
Let g(o) = -13786*o + 151699. Calculate g(11).
53
Let s(j) = -1474*j + 210771. Calculate s(143).
-11
Let m(l) = l**3 + 23*l**2 + 192*l + 4404. Calculate m(-23).
-12
Let d(r) = 122*r**2 + 20*r + 3. Give d(3).
1161
Let b(x) = -6633*x + 86206. Calculate b(13).
-23
Let m(l) = 69037*l - 483427. Determine m(7).
-168
Let j(v) = -151766*v + 606590. What is j(4)?
-474
Let n(k) = 460216*k - 2761287. Give n(6).
9
Let b(h) = h**2 - 952*h + 9588. Give b(10).
168
Let r(o) = o**3 - 18*o**2 - 175*o + 1911. Determine r(7).
147
Let p(g) = 11*g**3 - 5359*g**2 - 4388*g - 1885. Determine p(488).
67
Let f(n) = 941*n**2 + 2928*n + 29. Determine f(-3).
-286
Let a(i) = 9478*i - 18900. Determine a(2).
56
Let l(v) = -328*v - 1606. Give l(-11).
2002
Let z(o) = 46291*o - 647797. Give z(14).
277
Let l(d) = -5*d**3 - 37*d**2 + 592*d + 6027. Determine l(-10).
1407
Let h(u) = 5450*u**2 - 119901*u + 24. Determine h(22).
2
Let j(a) = -a**3 - 165*a**2 + 6999*a - 57. What is j(-200)?
143
Let g(q) = -5*q**2 + 2305*q + 605897. What is g(-187)?
17
Let s(b) = 23704*b**2 + 23707*b - 7. Determine s(-1).
-10
Let c(s) = -7*s**2 - 253*s - 2276. Determine c(-21).
-50
Let s(l) = -l**3 - 37*l**2 - 950*l - 3942. Give s(-5).
8
Let i(g) = -9*g**3 + 88*g**2 + 2054*g - 53. Give i(-11).
-20
Let o(g) = 5*g**3 - 124*g**2 + 685*g - 123. What is o(8)?
-19
Let c(w) = -232*w + 7554. What is c(31)?
362
Let t(a) = -118697*a + 3204816. What is t(27)?
-3
Let z(c) = -13*c**2 - 409*c - 2362. Determine z(-24).
-34
Let i(p) = 3*p**2 + 4186*p - 261959. Calculate i(60).
1
Let z(j) = -j**3 - 1008*j**2 - 10942*j + 273. Determine z(-11).
-2
Let u(g) = 2*g**2 + 27*g - 96. What is u(-44)?
2588
Let t(m) = -m**3 - 5*m**2 + 267*m - 1302. Calculate t(9).
-33
Let w(i) = 17*i - 7919. Calculate w(67).
-6780
Let t(i) = -569*i + 13625. Determine t(21).
1676
Let i(z) = 606*z + 86668. Calculate i(-143).
10
Let d(u) = -418614*u + 2511686. Determine d(6).
2
Let l(j) = -125*j**2 + 802*j + 5204. Give l(-4).
-4
Let u(h) = h**3 - 135*h**2 - 195*h + 8039. Determine u(136).
15
Let w(s) = -439*s + 9520. Calculate w(22).
-138
Let p(l) = 6*l**3 + 285*l**2 + 150*l + 434. Calculate p(-47).
11
Let m(r) = 3*r**3 + 1308*r**2 + 11528*r - 433. What is m(-427)?
-6
Let n(b) = b**3 + 3*b**2 - 530*b + 2010. Determine n(4).
2
Let z(t) = 2*t**3 + 206*t**2 - 2258*t - 229. Give z(-113).
-455
Let s(q) = -19*q**3 - 223*q**2 + 81*q + 246. Give s(-12).
-6
Let u(k) = -k**3 + 269*k**2 - 795*k + 456. Determine u(266).
1254
Let s(w) = 3*w**3 - 571*w**2 - 392*w - 853. Calculate s(191).
-2763
Let f(v) = -14437*v + 24109800. Give f(1670).
10
Let b(w) = w**2 + 1525*w + 63737. Give b(-43).
11
Let u(n) = -8*n**3 + 295*n**2 + 9100*n - 65. Determine u(-20).
-65
Let y(a) = 2*a**3 - 48*a**2 - 68*a + 1653. What is y(23)?
-969
Let v(o) = -87*o + 214. Calculate v(5).
-221
Let t(z) = -40*z**2 + 26*z - 263. What is t(6)?
-1547
Let i(q) = 2*q**3 - 94*q**2 + 299*q + 1162. What is i(6)?
4
Let n(d) = -14563*d + 1310683. Determine n(90).
13
Let a(v) = -v**2 + 180*v - 3020. Give a(19).
39
Let u(q) = 2*q**2 + 260*q - 9594. Determine u(30).
6
Let c(d) = -14*d**3 - 122*d**2 - 77*d - 23. What is c(-8)?
-47
Let j(s) = -25*s**2 + 1453*s - 561. Calculate j(58).
-387
Let h(w) = 17*w**2 + 151*w - 690. Give h(-12).
-54
Let r(p) = -177*p**2 + 24597*p + 838. Calculate r(139).
4
Let t(o) = -1439*o + 200018. Calculate t(139).
-3
Let z(v) = -587*v + 4490. Calculate z(5).
1555
Let x(d) = 2964*d + 38341. What is x(-12)?
2773
Let q(o) = -169*o**2 - 7981*o + 25469. Give q(3).
5
Let n(t) = -1551*t - 69814. Determine n(-45).
-19
Let u(n) = -70*n**2 + 493*n - 491. Determine u(1).
-68
Let k(j) = -19080*j - 1278624. Determine k(-67).
-264
Let g(p) = -4*p**3 - 27*p**2 + 180*p - 70. Determine g(-11).
7
Let f(z) = 3*z**2 - 3981*z - 15965. Determine f(-4).
7
Let a(y) = -y**2 + 24563*y - 147343. Calculate a(6).
-1
Let j(i) = i**3 - 286*i**2 + 5044*i + 7733. Calculate j(267).
-10
Let r(y) = -3715*y + 59381. What is r(16)?
-59
Let y(l) = -7*l**3 - 4*l**2 - 66*l - 362. What is y(-3)?
-11
Let n(k) = -3*k**3 + 15*k**2 - k - 101. Calculate n(0).
-101
Let g(i) = -97*i**2 - 1681*i + 1110. Calculate g(-18).
-60
Let x(u) = -4*u**3 + 64*u**2 - 89*u + 1559. Give x(17).
-1110
Let u(i) = -58108*i - 755561. What is u(-13)?
-157
Let k(p) = -81*p**3 + 24788*p**2 - 617*p + 1538. What is k(306)?
8
Let n(